{"id":169,"date":"2024-05-26T16:19:19","date_gmt":"2024-05-26T16:19:19","guid":{"rendered":"https:\/\/www.caffe-bonomi.nl\/?page_id=169"},"modified":"2024-05-26T16:19:19","modified_gmt":"2024-05-26T16:19:19","slug":"verzending-bezorging","status":"publish","type":"page","link":"https:\/\/www.caffe-bonomi.nl\/index.php\/verzending-bezorging\/","title":{"rendered":"Verzending &#038; bezorging"},"content":{"rendered":"<p><strong>Verzendkosten:<\/strong><\/p>\n<p>Voor alle bestellingen tot \u20ac 50,- betaalt u \u20ac 5,95 verzendkosten.<\/p>\n<p>Voor alle bestellingen vanaf \u20ac 50,- betaalt u g\u00e9\u00e9n verzendkosten.<\/p>\n<p><strong>Verzendkosten Belgi\u00eb:<\/strong><\/p>\n<p>Voor alle bestellingen tot \u20ac 100,- betaalt u \u20ac 7,95 verzendkosten.<\/p>\n<p>Voor alle bestellingen vanaf \u20ac 100,- betaalt u g\u00e9\u00e9n verzendkosten.<\/p>\n<p>Stap 1:<\/p>\n<p>Na het plaatsen van een bestelling via de website ontvangt u een orderontvangstbevestiging, dit betekent dat wij uw bestelling ontvangen hebben.<\/p>\n<p>Stap 2:<\/p>\n<p>Nadat uw bestelling door ons gecontroleerd en in behandeling genomen is, ontvangt u via e-mail een orderbevestiging. In dit bericht vindt u onderstaande tekst, om direct de status van uw order te controleren:<\/p>\n<p>\u201cU kunt de status van uw bestelling controleren door in te loggen op uw account.\u201d<\/p>\n<p>Stap 3:<\/p>\n<p>Op het moment dat wij uw bestelling hebben verzonden ontvangt u een verzendmelding. Hierin vindt u een nummer waarmee u de verzendstatus kunt nazien via \u201cTrack &amp; Trace\u201d van PostNL.<\/p>\n<p><strong>Levertijden:<\/strong><\/p>\n<p>Wij streven ernaar om uw bestelling binnen 1 a 2 werkdagen bij u te bezorgen. Betaalt u vooruit dan gaat dit natuurlijk pas in nadat wij hebben gecontroleerd of er betaald is. Leveringen buiten Nederland worden in de regel binnen 1-3 werkdagen geleverd. Meer uitleg over de levering vindt u in Artikel 6 van onze Algemene Voorwaarden.<\/p>\n","protected":false},"excerpt":{"rendered":"<p>Verzendkosten: Voor alle bestellingen tot \u20ac 50,- betaalt u \u20ac 5,95 verzendkosten. Voor alle bestellingen vanaf \u20ac 50,- betaalt u g\u00e9\u00e9n verzendkosten. Verzendkosten Belgi\u00eb: Voor alle bestellingen tot \u20ac 100,- betaalt u \u20ac 7,95 verzendkosten. Voor alle bestellingen vanaf \u20ac [&hellip;]<\/p>\n","protected":false},"author":1,"featured_media":0,"parent":0,"menu_order":0,"comment_status":"closed","ping_status":"closed","template":"","meta":{"footnotes":""},"class_list":["post-169","page","type-page","status-publish","hentry"],"yoast_head":"<!-- This site is optimized with the Yoast SEO plugin v27.4 - https:\/\/yoast.com\/product\/yoast-seo-wordpress\/ -->\n<title>Verzending &amp; bezorging - Bonomi Koffie Nederland<\/title>\n<meta name=\"description\" content=\"Verzending &amp; bezorging\" \/>\n<meta name=\"robots\" content=\"index, follow, max-snippet:-1, max-image-preview:large, max-video-preview:-1\" \/>\n<link rel=\"canonical\" href=\"https:\/\/www.caffe-bonomi.nl\/index.php\/verzending-bezorging\/\" \/>\n<meta property=\"og:locale\" content=\"nl_NL\" \/>\n<meta property=\"og:type\" content=\"article\" \/>\n<meta property=\"og:title\" content=\"Verzending &amp; bezorging - Bonomi Koffie Nederland\" \/>\n<meta property=\"og:description\" content=\"Verzending &amp; bezorging\" \/>\n<meta property=\"og:url\" content=\"https:\/\/www.caffe-bonomi.nl\/index.php\/verzending-bezorging\/\" \/>\n<meta property=\"og:site_name\" content=\"Bonomi Koffie Nederland\" \/>\n<meta name=\"twitter:card\" content=\"summary_large_image\" \/>\n<meta name=\"twitter:label1\" content=\"Geschatte leestijd\" \/>\n\t<meta name=\"twitter:data1\" content=\"2 minuten\" \/>\n<script type=\"application\/ld+json\" class=\"yoast-schema-graph\">{\"@context\":\"https:\\\/\\\/schema.org\",\"@graph\":[{\"@type\":\"WebPage\",\"@id\":\"https:\\\/\\\/www.caffe-bonomi.nl\\\/index.php\\\/verzending-bezorging\\\/\",\"url\":\"https:\\\/\\\/www.caffe-bonomi.nl\\\/index.php\\\/verzending-bezorging\\\/\",\"name\":\"Verzending & bezorging - Bonomi Koffie Nederland\",\"isPartOf\":{\"@id\":\"https:\\\/\\\/www.caffe-bonomi.nl\\\/#website\"},\"datePublished\":\"2024-05-26T16:19:19+00:00\",\"description\":\"Verzending & bezorging\",\"breadcrumb\":{\"@id\":\"https:\\\/\\\/www.caffe-bonomi.nl\\\/index.php\\\/verzending-bezorging\\\/#breadcrumb\"},\"inLanguage\":\"nl-NL\",\"potentialAction\":[{\"@type\":\"ReadAction\",\"target\":[\"https:\\\/\\\/www.caffe-bonomi.nl\\\/index.php\\\/verzending-bezorging\\\/\"]}]},{\"@type\":\"BreadcrumbList\",\"@id\":\"https:\\\/\\\/www.caffe-bonomi.nl\\\/index.php\\\/verzending-bezorging\\\/#breadcrumb\",\"itemListElement\":[{\"@type\":\"ListItem\",\"position\":1,\"name\":\"Home\",\"item\":\"https:\\\/\\\/www.caffe-bonomi.nl\\\/\"},{\"@type\":\"ListItem\",\"position\":2,\"name\":\"Verzending &#038; bezorging\"}]},{\"@type\":\"WebSite\",\"@id\":\"https:\\\/\\\/www.caffe-bonomi.nl\\\/#website\",\"url\":\"https:\\\/\\\/www.caffe-bonomi.nl\\\/\",\"name\":\"Bonomi Koffie Nederland\",\"description\":\"1886Bonomi Il Caff&egrave; di Milano\",\"publisher\":{\"@id\":\"https:\\\/\\\/www.caffe-bonomi.nl\\\/#organization\"},\"potentialAction\":[{\"@type\":\"SearchAction\",\"target\":{\"@type\":\"EntryPoint\",\"urlTemplate\":\"https:\\\/\\\/www.caffe-bonomi.nl\\\/?s={search_term_string}\"},\"query-input\":{\"@type\":\"PropertyValueSpecification\",\"valueRequired\":true,\"valueName\":\"search_term_string\"}}],\"inLanguage\":\"nl-NL\"},{\"@type\":\"Organization\",\"@id\":\"https:\\\/\\\/www.caffe-bonomi.nl\\\/#organization\",\"name\":\"Bonomi Koffie Nederland\",\"url\":\"https:\\\/\\\/www.caffe-bonomi.nl\\\/\",\"logo\":{\"@type\":\"ImageObject\",\"inLanguage\":\"nl-NL\",\"@id\":\"https:\\\/\\\/www.caffe-bonomi.nl\\\/#\\\/schema\\\/logo\\\/image\\\/\",\"url\":\"https:\\\/\\\/www.caffe-bonomi.nl\\\/wp-content\\\/uploads\\\/2024\\\/05\\\/images.png\",\"contentUrl\":\"https:\\\/\\\/www.caffe-bonomi.nl\\\/wp-content\\\/uploads\\\/2024\\\/05\\\/images.png\",\"width\":224,\"height\":225,\"caption\":\"Bonomi Koffie Nederland\"},\"image\":{\"@id\":\"https:\\\/\\\/www.caffe-bonomi.nl\\\/#\\\/schema\\\/logo\\\/image\\\/\"},\"sameAs\":[\"https:\\\/\\\/www.instagram.com\\\/caffebonomi_nl\\\/\"]}]}<\/script>\n<!-- \/ Yoast SEO plugin. -->","yoast_head_json":{"title":"Verzending & bezorging - Bonomi Koffie Nederland","description":"Verzending & bezorging","robots":{"index":"index","follow":"follow","max-snippet":"max-snippet:-1","max-image-preview":"max-image-preview:large","max-video-preview":"max-video-preview:-1"},"canonical":"https:\/\/www.caffe-bonomi.nl\/index.php\/verzending-bezorging\/","og_locale":"nl_NL","og_type":"article","og_title":"Verzending & bezorging - Bonomi Koffie Nederland","og_description":"Verzending & bezorging","og_url":"https:\/\/www.caffe-bonomi.nl\/index.php\/verzending-bezorging\/","og_site_name":"Bonomi Koffie Nederland","twitter_card":"summary_large_image","twitter_misc":{"Geschatte leestijd":"2 minuten"},"schema":{"@context":"https:\/\/schema.org","@graph":[{"@type":"WebPage","@id":"https:\/\/www.caffe-bonomi.nl\/index.php\/verzending-bezorging\/","url":"https:\/\/www.caffe-bonomi.nl\/index.php\/verzending-bezorging\/","name":"Verzending & bezorging - Bonomi Koffie Nederland","isPartOf":{"@id":"https:\/\/www.caffe-bonomi.nl\/#website"},"datePublished":"2024-05-26T16:19:19+00:00","description":"Verzending & bezorging","breadcrumb":{"@id":"https:\/\/www.caffe-bonomi.nl\/index.php\/verzending-bezorging\/#breadcrumb"},"inLanguage":"nl-NL","potentialAction":[{"@type":"ReadAction","target":["https:\/\/www.caffe-bonomi.nl\/index.php\/verzending-bezorging\/"]}]},{"@type":"BreadcrumbList","@id":"https:\/\/www.caffe-bonomi.nl\/index.php\/verzending-bezorging\/#breadcrumb","itemListElement":[{"@type":"ListItem","position":1,"name":"Home","item":"https:\/\/www.caffe-bonomi.nl\/"},{"@type":"ListItem","position":2,"name":"Verzending &#038; bezorging"}]},{"@type":"WebSite","@id":"https:\/\/www.caffe-bonomi.nl\/#website","url":"https:\/\/www.caffe-bonomi.nl\/","name":"Bonomi Koffie Nederland","description":"1886Bonomi Il Caff&egrave; di Milano","publisher":{"@id":"https:\/\/www.caffe-bonomi.nl\/#organization"},"potentialAction":[{"@type":"SearchAction","target":{"@type":"EntryPoint","urlTemplate":"https:\/\/www.caffe-bonomi.nl\/?s={search_term_string}"},"query-input":{"@type":"PropertyValueSpecification","valueRequired":true,"valueName":"search_term_string"}}],"inLanguage":"nl-NL"},{"@type":"Organization","@id":"https:\/\/www.caffe-bonomi.nl\/#organization","name":"Bonomi Koffie Nederland","url":"https:\/\/www.caffe-bonomi.nl\/","logo":{"@type":"ImageObject","inLanguage":"nl-NL","@id":"https:\/\/www.caffe-bonomi.nl\/#\/schema\/logo\/image\/","url":"https:\/\/www.caffe-bonomi.nl\/wp-content\/uploads\/2024\/05\/images.png","contentUrl":"https:\/\/www.caffe-bonomi.nl\/wp-content\/uploads\/2024\/05\/images.png","width":224,"height":225,"caption":"Bonomi Koffie Nederland"},"image":{"@id":"https:\/\/www.caffe-bonomi.nl\/#\/schema\/logo\/image\/"},"sameAs":["https:\/\/www.instagram.com\/caffebonomi_nl\/"]}]}},"_links":{"self":[{"href":"https:\/\/www.caffe-bonomi.nl\/index.php\/wp-json\/wp\/v2\/pages\/169","targetHints":{"allow":["GET"]}}],"collection":[{"href":"https:\/\/www.caffe-bonomi.nl\/index.php\/wp-json\/wp\/v2\/pages"}],"about":[{"href":"https:\/\/www.caffe-bonomi.nl\/index.php\/wp-json\/wp\/v2\/types\/page"}],"author":[{"embeddable":true,"href":"https:\/\/www.caffe-bonomi.nl\/index.php\/wp-json\/wp\/v2\/users\/1"}],"replies":[{"embeddable":true,"href":"https:\/\/www.caffe-bonomi.nl\/index.php\/wp-json\/wp\/v2\/comments?post=169"}],"version-history":[{"count":1,"href":"https:\/\/www.caffe-bonomi.nl\/index.php\/wp-json\/wp\/v2\/pages\/169\/revisions"}],"predecessor-version":[{"id":170,"href":"https:\/\/www.caffe-bonomi.nl\/index.php\/wp-json\/wp\/v2\/pages\/169\/revisions\/170"}],"wp:attachment":[{"href":"https:\/\/www.caffe-bonomi.nl\/index.php\/wp-json\/wp\/v2\/media?parent=169"}],"curies":[{"name":"wp","href":"https:\/\/api.w.org\/{rel}","templated":true}]}}